 of v?
3, 17
Let o(j) = 2*j**2 - 6*j + 7. Let x be o(3). Suppose -4*f = -x*f + 129. List the prime factors of f.
43
Let y(u) = 2*u**3 + 2*u - 1. Let m be y(1). Suppose m*f + 99 = -33. What are the prime factors of 12*(f/(-12) - 3)?
2
Let d = 28 + -26. Suppose -2*c + i = 3*i - 316, 2*c - d*i = 316. Suppose -2*b = 5*m - 2*m - 237, -b = 2*m - c. List the prime factors of m.
79
Let s(m) = 7*m + m**2 + 69 - 4*m - 4*m. What are the prime factors of s(0)?
3, 23
Let v(u) = 4*u**2 + 5*u - 8. Let r be v(-10). Suppose -6*j + r + 204 = 0. Let g = j + -32. What are the prime factors of g?
59
List the prime factors of (1 + 45)*(-1)/2*-2.
2, 23
Suppose -2*l + 5725 = -d, -5*l - 2*d = -13360 - 930. What are the prime factors of l?
2, 5, 11, 13
Suppose -5*h + v = -0*v - 15, -20 = 4*v. Let n(z) = z**h + 2 - 6*z + 2 + 5*z. What are the prime factors of n(0)?
2
Let q = 3066 - 1383. What are the prime factors of q?
3, 11, 17
Let h = -44 + 261. List the prime factors of h.
7, 31
Let f be ((-1154)/(-14) - -4) + (-8)/(-14). Suppose j = -2*p + 442, 134 = p + 2*j - f. What are the prime factors of p?
13, 17
Let n = 138 - 40. Let y = n - -31. What are the prime factors of y?
3, 43
Suppose 4*r + 272 = w, -43 = 5*r - 3*w + 290. What are the prime factors of (3 + r/21)*-91?
2, 13
Let r(o) = o**3 - 9*o**2 + 11*o - 2. Suppose -f + 5*f - 8 = 0. Suppose 5*n - f*n = 24. List the prime factors of r(n).
2, 11
Suppose 52013 = 31*r - 21271. What are the prime factors of r?
2, 3, 197
List the prime factors of 4/((-24)/51)*(-64)/4.
2, 17
Suppose -19*g - 10*g + 36656 = 0. What are the prime factors of g?
2, 79
Let r = -27 + 29. Suppose 0 = -4*c - 5*w + 256, -4*c + 5*w - r*w = -224. List the prime factors of c.
59
Suppose 0 = p + 3*p - 16, -l + 2*p = -55. Suppose x - l = -2*x. List the prime factors of x.
3, 7
Let w(x) be the first derivative of -x**4/4 + 2*x**3 - x**2 - 6*x + 1. Suppose -4*i + 5*z = 2 - 42, 2*z + 23 = 3*i. List the prime factors of w(i).
3
What are the prime factors of 2/11 + (-3853254)/(-1221)?
2, 3, 263
Let o(k) = k. Let f be o(0). Suppose -5*v + 10 = -f. Suppose -v*b = 12 - 60. What are the prime factors of b?
2, 3
Suppose -138 = -5*j + 2*j. List the prime factors of (0 - 6)/((-4)/j).
3, 23
Suppose 0 = 14*z + 6*z - 240. Suppose z*w - 13*w + 100 = 0. What are the prime factors of w?
2, 5
Let r(h) be the second derivative of 5*h**4/3 - h**3/6 - 7*h**2/2 - 6*h. List the prime factors of r(3).
2, 5, 17
What are the prime factors of -2*992/(-10) + 20/(-50)?
2, 3, 11
Suppose -646 - 2037 = -s + 2*r, 2*s + 5*r = 5402. List the prime factors of s.
3, 13, 23
Let c(t) = 7 + 16 - 3 - 11*t - 11*t. Let h be c(-11). Suppose 2*n + 78 = y - 0*n, 0 = -4*y - 2*n + h. List the prime factors of y.
2, 17
Let l(j) = 3*j - 62. Let h be l(0). Let k = h - -83. List the prime factors of k.
3, 7
Suppose 4628 + 2902 = 3*m - s, -5*s = 3*m - 7548. What are the prime factors of m?
3, 31
Let o(s) = 233*s + 61. What are the prime factors of o(3)?
2, 5, 19
Let n = 1971 - 867. List the prime factors of n.
2, 3, 23
Suppose 2*f + f - 5795 = 4*x, f - 1917 = 5*x. What are the prime factors of f?
13, 149
Let x(n) = n**2 - 4*n - 10. Let m be x(7). Suppose 5*z = -m + 81. What are the prime factors of z?
2, 7
Suppose -4*i + 0*q + 5*q = 0, -3*i = -2*q. Suppose -5*p - 5*t = -25, i = 2*t - 8 + 4. What are the prime factors of (-10 + 3)*p/(-3)?
7
Let n(w) = w**3 + 14*w**2 + w + 36. Let m = 29 + -43. List the prime factors of n(m).
2, 11
Let o(w) be the first derivative of w**4/2 - 11*w**3/3 + 9*w**2/2 - 8*w - 11. Let h be o(8). List the prime factors of ((-6)/(-4))/(18/h).
2
Let b be 4/(-14) + (-26)/7. Let d = -1 - b. Suppose q + y - 27 = 0, -4*y + d*y = -3*q + 61. List the prime factors of q.
2, 11
Let l = 698 + -362. What are the prime factors of l?
2, 3, 7
Let o(a) = a + 14. Let f be o(-10). Let b = 3 + -2. Let u = f + b. List the prime factors of u.
5
Let g be 2/5 - 258/(-30). Suppose -g*f + 2*f = -441. What are the prime factors of f?
3, 7
What are the prime factors of 4 + ((-6)/39 - 48606/(-78))?
3, 11, 19
Let u = 38 - -42. Let h = u + -24. Suppose -4*t + 16 = 3*z - h, -34 = -2*z + 2*t. What are the prime factors of z?
2, 5
Let b(s) = -251*s + 18. List the prime factors of b(-2).
2, 5, 13
Let b(q) = 175*q**2 - 161*q**2 - q - 3*q + 16 - 7*q - q**3. List the prime factors of b(13).
2, 3, 7
Suppose 2*v - 56*d + 59*d = 3403, -5*v = 5*d - 8510. What are the prime factors of v?
13, 131
Let g(m) = 13*m + 4. Let u be g(1). Let p = u - -15. List the prime factors of p.
2
Let z be 5/(-3*(-1)/3). Let u be z + (0/(-2) - 2). Suppose -2*i - 33 = -4*i + u*c, 5*i + 2*c = 73. What are the prime factors of i?
3, 5
List the prime factors of (-13 - -15)/((-1)/(-52)).
2, 13
Let z = 1087 + -755. List the prime factors of z.
2, 83
Suppose -2*p = -7 + 1. Suppose -3*r + p = -9. Suppose 3*k - 36 = -c, 6 = 2*k + r*c - 8. List the prime factors of k.
13
List the prime factors of (1*(-1104)/(-15))/((-2)/(-10)).
2, 23
Suppose -4354 = -20*p + 166. List the prime factors of p.
2, 113
Suppose -j = 2*s + 2*j - 9, 2*s - j + 3 = 0. Let l(z) = z**2 - 7 - 3 + 11 + s*z + z. List the prime factors of l(5).
31
Let w(g) = -6*g - 8. Let f be w(-3). Let n = -1 + f. List the prime factors of n.
3
Let d be (-8)/2*((-55)/(-20) + -4). Let i(y) = y**3 + y**2 - 2*y - 5. What are the prime factors of i(d)?
3, 5
Let s be (-3 + 15)/4 - (2 - -1). Suppose s = -3*w - 2*l + 25 + 175, -5*l - 235 = -3*w. List the prime factors of w.
2, 5, 7
Suppose -19*m = -20*m. Suppose m = 4*g - 553 + 161. What are the prime factors of g?
2, 7
Let t be (3 - 14/4)*-4. Suppose -h + 4*f - 4 = 22, 4*f - 56 = t*h. What are the prime factors of h*(26/10 - 3)?
2, 3
Suppose -4*j = k - 2*j + 27, 0 = 5*k - j + 113. Let y = 3 - k. List the prime factors of y.
2, 13
Let d(y) = -126*y**3 + 9*y**2 + 15*y + 9. What are the prime factors of d(-3)?
3, 383
Let u = -9 - -6. Let c(v) = -2*v**2 - 3*v + 1. Let y be c(u). List the prime factors of (87/(-12))/(2/y).
29
Suppose 0 = 2*o + 4*q - 11606, -4*o - 10*q = -8*q - 23194. List the prime factors of o.
11, 17, 31
List the prime factors of (-14)/(112/24) + 341.
2, 13
Let i(g) = -g**2 - 7*g + 3. Let p be i(-7). Suppose 207 + 81 = p*y. List the prime factors of y.
2, 3
Suppose -f - 4*n = -4*f + 87, -5*n - 15 = 0. What are the prime factors of (0 - f)/((-3)/6*2)?
5
Let h(f) = 4*f + 6 + 10 - 8*f. Let u be h(9). Let b = u + 48. List the prime factors of b.
2, 7
Suppose -10628 = 22*n - 56630. What are the prime factors of n?
3, 17, 41
Suppose 61 = 29*a - 28*a. Let i = -8 + a. What are the prime factors of i?
53
List the prime factors of (235/(-10))/(2/(-8)).
2, 47
What are the prime factors of ((-39)/6 - -5)/(7/(-3626))?
3, 7, 37
Suppose 5*i - 46 = 5*s - 6, 0 = 5*i + 5*s + 10. Suppose -u + 3*a - 211 = -2*u, i*u - 3*a = 693. List the prime factors of u.
2, 113
Suppose 6*w = 9*w - 1302. What are the prime factors of w?
2, 7, 31
Let s = 387 - 256. List the prime factors of s.
131
Let t = 39 - 64. Let g = 32 + t. What are the prime factors of g?
7
Let w be 18/(-117) - 22/26. Let h(x) = -43*x + 2. List the prime factors of h(w).
3, 5
Let i be 106/12 - 2*1/(-12). List the prime factors of 88 + i/((-9)/4).
2, 3, 7
Let f be ((-14)/5)/((-6)/(-30)). List the prime factors of 1*14/(-4)*f.
7
Suppose 4*a - 6 = 2, 0 = -y - 3*a - 42. Let m = 122 + y. List the prime factors of m.
2, 37
Suppose 192*x = 148*x + 170676. What are the prime factors of x?
3, 431
Let q be ((-15)/(-6))/(1/2). Suppose q*h - 18 = -n + 11, 4*h = 4*n + 4. Suppose -4*c = 4, -4*a + n*c + 139 = -a. List the prime factors of a.
3, 5
Let g(b) = -b**3 - 2*b + 1. Let j(u) = u**3 + 6*u**2 + 4*u + 3. Let r be j(-5). Suppose -3*h = -2 + r. List the prime factors of g(h).
13
List the prime factors of (-3 - (1 + 0))/(152/(-1748)).
2, 23
Let d be (3 - -1)*3/(-2). Let l be 1/(16/d - -3). Suppose -l*s = -2*v + 28, 0*v - 14 = -v - s. List the prime factors of v.
2, 7
Let u be (-24)/(-7) + 12/(-28). Suppose v = w + 45 - 19, -4*w - u*v = 69. Let x = 0 - w. List the prime factors of x.
3, 7
Let a(u) = -u**3 + 13*u**2 - 20*u + 5. Let k be a(11). Let r = k + 70. What are the prime factors of r?
97
Let m = 1309 - 565. List the prime factors of m.
2, 3, 31
Let f = 25 - 25. Suppose f = 3*i - 9 - 0. Suppose 3*q + 5 = 3*v